26. Let v be a(0). Suppose -5*l + 366 = -674. Calculate the greatest common divisor of l and v.
26
Let d(v) = v**3 + v**2 - 8. Let r be d(3). Calculate the greatest common factor of r and 4.
4
Let f be 2/(-4*4/(-16)). Calculate the highest common factor of f and 2.
2
Suppose 0 = -2*m + 29 + 107. What is the greatest common factor of 34 and m?
34
Suppose 3*l = 3*s + l - 195, 195 = 3*s + 5*l. Let r = 4 - 34. Let x = r + 56. What is the greatest common factor of s and x?
13
Let q(y) = 4*y**3 + 3 + 3*y - 2*y**3 - 6*y**2 + 5*y**2. Let k be q(3). Suppose j - 190 = -4*j. What is the greatest common factor of k and j?
19
Let s(l) = l**3 + 7*l**2 - 8*l - 8. Suppose 15 = -h + 2*n, 5*n = 7 + 13. Let k be s(h). What is the highest common divisor of 16 and k?
16
Let w be -10*(-3)/(-9)*-6. Let f(o) = 2*o + 22. Let d be f(-9). Calculate the highest common divisor of w and d.
4
Let a = 12 - 19. Let t = a - -19. What is the highest common divisor of t and 4?
4
Let k(n) = n**2 + 5*n + 9. Let h be k(-4). What is the highest common divisor of h and 3?
1
Let o be (3/(-2))/((-18)/24). What is the greatest common divisor of 18 and o?
2
Suppose -5*x + 2*x + 6 = 0. Suppose -x*l - 3*l + 65 = 0. Suppose 0 = -5*z + 348 + 107. What is the highest common factor of z and l?
13
Let u(y) = -2*y. Let b be u(-1). Let i(l) = l**2 + 2*l + 1. Let m be i(-5). Calculate the greatest common divisor of b and m.
2
Let w = -211 - -38. Let g = w + 263. Calculate the greatest common factor of g and 9.
9
Suppose -x + 4 = -2. Suppose b = 4, 3*f + x*b = 3*b + 132. Suppose -w - 6 = -r, -2*r + 0*w + f = 5*w. Calculate the greatest common divisor of r and 15.
5
Let u(d) = -d**2 - d + 4. Let p be u(0). Suppose -p*a + 4*c = -0*a - 24, 20 = -4*c. Let j = 6 - a. What is the highest common divisor of j and 55?
5
Suppose -u + 0*u + 4*l + 13 = 0, 3*u = l - 16. Let p = 45 + -22. Let n = p + u. What is the greatest common divisor of 8 and n?
8
Suppose 0 = -3*o - o - 3*s + 49, 62 = 5*o + 4*s. Let m be 77/4 + 6/8. What is the highest common factor of o and m?
10
Let j be -1 - ((-4)/(-2) + -33). Let n be 6*3/9*1. Suppose -h + n = -j. Calculate the greatest common factor of 8 and h.
8
Suppose 68 = -3*i + 167. Let j be 1/2 - i/(-2). Suppose -2*n = 8*n - 510. What is the highest common factor of n and j?
17
Let w(z) = 3*z**2 - 3*z - 1. Suppose -5*j + 12 = 3*v, 2*j + 5 = 4*j + v. Let y be w(j). Suppose y + 33 = t. Calculate the greatest common divisor of t and 20.
10
Let n(c) = c**3 + 10*c**2 + 7*c + 9. Let y be n(-9). What is the highest common factor of 243 and y?
27
Let a be -6*(0 + (3 - 6)). Suppose -5*o = x + a, -8 = -5*x + o + 6. What is the highest common divisor of 1 and x?
1
Let w be 45/12 - 2/(-8). Suppose w*s - 20 = -0*s. Calculate the highest common factor of s and 40.
5
Let h(s) = s + 4. Let u be h(-3). Let z be 4/(2/15*u). Let v be (1 + -2)*5*-2. Calculate the greatest common factor of z and v.
10
Let x be ((-7)/3)/(3/18). Let p(v) = v**3 - 5*v**2 + 5*v - 4. Let w be p(5). Let s = w + x. What is the highest common divisor of 1 and s?
1
Let u be 1/5 - (1356/(-20) - -3). What is the highest common factor of u and 26?
13
Let i be 1/2 + (2250/12)/5. Calculate the highest common divisor of 95 and i.
19
Let n(w) = w**3 + 8*w**2 + w. Let y be n(-7). Let r be 2/(-7) - (-348)/y. Let b be -2*(-1 - -2)*-2. What is the highest common factor of r and b?
4
Let m = 13 - 17. Suppose 0 = 4*v - 2*v - 6. Let d = v - m. What is the highest common divisor of 7 and d?
7
Let h be (-3)/(6/(-17))*2. Suppose 14*d = 15*d - 187. What is the greatest common factor of h and d?
17
Suppose 25 = 2*g + 3*t, g - 4*t - 120 = -4*g. Suppose 0 = j + 2, -2*l + 0*j + g = 2*j. Let d be -8*-1*(-2)/(-4). What is the greatest common factor of l and d?
4
Let s be 25 + -3 + 2 + -2. Suppose -4*u = -0*u. Suppose u = -3*l + s + 23. What is the greatest common divisor of 10 and l?
5
Let v = -4 + 1. Let d be -9 + (0 + 0 - v). Let t = d - -8. What is the highest common divisor of t and 2?
2
Let z(t) = 39*t - 1. Suppose -l + 3*l = 2. Let q be z(l). What is the highest common divisor of q and 57?
19
Let w(i) = -i**2 + 14*i - 15. Let j be w(10). Suppose -3*h + 5*a = -20, 2*h + 0*a = -4*a + 6. What is the greatest common factor of j and h?
5
Let b be (2/(-1))/2 + 8. Let x be (-72)/5 + (-4)/(-10). Let j = x - -35. Calculate the highest common factor of b and j.
7
Suppose 422 = 4*j + 2*r, j - 2*r - 3*r = 133. What is the greatest common factor of 12 and j?
12
Suppose -42 = -2*y - 12. Let a = -2 - -3. Suppose -9 = -2*s + a. Calculate the greatest common divisor of y and s.
5
Suppose 3*o + 15 = 0, -a - o + 15 = -2. Let x(d) = d**3 + 7*d**2 + 5*d + 5. Let m be x(-6). Calculate the highest common factor of m and a.
11
Suppose -z + 5*z - 4 = 0. Let t = -11 + 6. Let c = z - t. Calculate the greatest common divisor of c and 18.
6
Let x = -4 - -7. Suppose 2*q = -x*k, 4*q + 44 = -0*k + 5*k. Let y be 1*q/15*-15. Calculate the highest common factor of y and 54.
6
Let s(y) = 3*y**2 - y. Let l be s(-1). Calculate the greatest common factor of l and 32.
4
Let q(n) = -4*n - 10. Let j be q(-11). Suppose -4*m = -j - 86. Calculate the highest common factor of 15 and m.
15
Let z(o) = -6*o - 35. Let c be z(-6). Calculate the highest common divisor of c and 4.
1
Let d be (-365)/(-4) + 1/(-4). Suppose -3*a + 26 = -a. What is the highest common divisor of a and d?
13
Suppose 3 = 5*g - 4*u, -2*g + 4*u - 4 - 2 = 0. What is the highest common divisor of 3 and g?
3
Let a be (0 - -4)/((-6)/(-3)). Suppose 0 = 5*c + 3*x + 1, -x = -2*x - a. Let k = c - -99. Calculate the greatest common divisor of k and 20.
20
Let f(d) = 9 - 4 + 3 + 1 + d**2 + d. Let n be f(7). Calculate the greatest common divisor of 13 and n.
13
Suppose 0*x + 3*x = 9. Suppose 2*d - 39 = -l - d, 4*l - x*d - 186 = 0. What is the greatest common divisor of 9 and l?
9
Let v be (0 - -2)/((-1)/(-7)). Let m = -75 + 103. Calculate the greatest common divisor of m and v.
14
Let c = -9 - -14. Let n(o) = -o**2 + 6*o - 2. Let p be n(c). Calculate the greatest common divisor of 9 and p.
3
Suppose 5*o = 5*a - 160, 0*a = -a + 4*o + 41. Calculate the highest common factor of a and 319.
29
Let b = 26 + 10. What is the greatest common divisor of 9 and b?
9
Suppose -5*r + 0*g + 2 = -3*g, -5*r + 4*g = -1. Calculate the greatest common divisor of 1 and r.
1
Let m(l) = l + 1. Let b be 0*(-2 + 9/6). Let v be m(b). Let a = v - -9. Calculate the greatest common divisor of a and 30.
10
Let p be ((-12)/15)/(-1)*75. Let c(d) = 2*d**2 - d - 3. Let o be c(3). Suppose o = 4*j - p. What is the highest common divisor of j and 45?
9
Let t be 1/2 + (39/6 - -2). Calculate the greatest common factor of 27 and t.
9
Suppose -2*l = l - 78. What is the highest common factor of l and 2?
2
Suppose -11 = j - 2*j. Suppose -6 - 5 = -f. What is the greatest common factor of j and f?
11
Suppose 5*m - 669 = -2*o, 4*o - 257 = -3*m + 150. What is the highest common divisor of 19 and m?
19
Suppose 0 = -2*d + 8 + 16. Let r = -2 + 6. What is the highest common factor of d and r?
4
Suppose 0*u = -3*u + 3, -4*n = -2*u - 14. Suppose -n = -2*s + s. Calculate the highest common divisor of s and 1.
1
Let f(g) = -4*g + 2. Let c be ((-2)/5)/((-2)/(-30)). Let a = c - -2. Let m be f(a). What is the highest common factor of 9 and m?
9
Suppose j = -0*j + 10. Suppose 4*h - 53 = 27. What is the highest common divisor of j and h?
10
Suppose 2*k - 9 = -61. Let l = k + 44. Calculate the greatest common factor of l and 6.
6
Let j(g) = g + 12. Let u be j(0). Calculate the highest common divisor of 4 and u.
4
Let o(q) = -q**3 + 2*q**2 - 5*q - 5. Let h be o(-4). Suppose 0 = -2*z - 15 + h. What is the greatest common divisor of 8 and z?
8
Suppose -48 = -w + 5*r, 3*r + 180 = 3*w - 0*r. Suppose -3*y + 8 = -19. What is the highest common factor of y and w?
9
Let l(k) = -6*k - 4. Let v be l(-3). What is the greatest common factor of v and 2?
2
Suppose -3*k + 4*r = 2*k - 100, 3*k - 5*r - 73 = 0. Suppose 3*p - 73 = -j, 3*j - 108 = 2*p + 78. Calculate the highest common factor of k and j.
16
Let b(l) = -37*l**3. Let c be b(1). Let z = 57 + c. Calculate the highest common factor of z and 5.
5
Suppose -3*s = -2*s - 29. Let g = -15 + s. Calculate the highest common divisor of 14 and g.
14
Let d 